t z be (1 - (-1 - -2))/2. Let w(h) = -13 - h + 8*h**3 + 0*h - 10*h**3 + h**3. Calculate w(z).
-13
Let a(o) = 2 - 2*o + 0*o**2 - 5*o**2 + 3*o**2 - 4 - 2*o + o**3. Calculate a(4).
14
Let y(h) = h**3 + 2*h**2 + 2*h - 3. Let k(p) = -2*p**3 - 3*p**2 - 4*p + 7. Let r(q) = -3*k(q) - 5*y(q). Calculate r(0).
-6
Suppose 27*x - 13*x = 5*x. Let u(t) = t**2 + t + 14. What is u(x)?
14
Let h be 4/10 + (-187)/55. Let n(p) be the first derivative of -p**4/4 - p**3 - 5*p**2/2 - 3*p + 9. What is n(h)?
12
Let q(h) = -h**2 - h + 3. Let r be (2 - (-10 + 16))/(1*2). What is q(r)?
1
Let d(u) = -u**2 - 10*u - 5. Suppose 3*b + 3*p + 33 = 0, 4*b + p = -0*p - 32. What is d(b)?
16
Let q(d) be the second derivative of d**5/20 - d**4/12 + d**3/6 + 39*d. Give q(3).
21
Let s(r) be the first derivative of -r + 4/3*r**3 + 0*r**2 - 9. Determine s(-1).
3
Let m(s) = s**2 - 14*s + 23. Suppose -166 = 43*o - 682. Determine m(o).
-1
Let q = 402 - 405. Let u(n) = n - 5. What is u(q)?
-8
Let b(x) = -568*x - 33 + 1135*x - 12 - 572*x - 4. Calculate b(-10).
1
Let o(t) = t + 6. Let w = 5 + -9. Let d be o(w). Let y(v) = -4 + 2*v**d + 8*v + 5 + 0 + 2. Determine y(-5).
13
Suppose -3 = -7*q + 8*q. Let o be q*(-28)/48 + (-2)/(-8). Let b(n) = -2*n + 3. Determine b(o).
-1
Let i(j) = -j**3 - 3*j**2 + 2*j - 2. Suppose -a = m + 2, -41*a - 2 = -36*a + 3*m. What is i(a)?
-18
Let h(z) = z - 1. Let j(x) = 2*x + 29. Let y be j(8). Suppose 14*q = 5*q + y. What is h(q)?
4
Let v(p) = -8*p - 20. Let b be v(-7). Let m be (2/3)/(6/b). Let f(u) be the second derivative of u**5/20 - u**4/4 - u**3/2 + 5*u**2/2 - u. Determine f(m).
9
Let y(u) = u**2 - u. Let p(h) = -22*h**2 + 10*h**2 + 9*h**2 - 9 + 6 + 9*h. Let q(o) = p(o) + 2*y(o). What is q(6)?
3
Suppose 114 = 5*k + 34. Suppose -2*f + f = 4*n - 21, 3*n - k = -f. Let p(r) = r**3 - 5*r**2 - 3*r + 2. Calculate p(n).
-13
Let j(x) = -2*x - 1. Let n(p) be the first derivative of p**2/2 + 1. Let y(f) = 4*j(f) + 6*n(f). Let d = -1 - 4. Give y(d).
6
Let j be 4 + (-4)/(-8)*((-11 - -5) + 4). Let y be (1 - 0 - -2) + 0. Let g(x) = -3*x + 2*x**3 - 4 + 0*x - 2*x**2 - x**y. Give g(j).
-4
Suppose -n - 9*n - 120 = 0. Let j(o) = o**3 + 11*o**2 - 10*o + 13. Give j(n).
-11
Let g(h) be the third derivative of -h**5/60 - h**4/8 + 11*h**3/6 - 183*h**2 + h. Determine g(-6).
-7
Let z(m) = -m**2 + 3*m + 7. Let s be z(5). Let b be (2/s)/(8/(-48)). Let o(a) = 2*a - 9. Let f be o(b). Let c(w) = 7*w**3 - w**2 - w. Determine c(f).
-7
Let y = 49 + -23. Let f(g) = -g - 2 + y*g**3 - 54*g**3 + 5*g**2 + 29*g**3. What is f(-5)?
3
Suppose 2*a = 4*a + 10. Let z(b) be the second derivative of -b**4/24 - 2*b**3 - 19*b**2/2 + 4*b. Let x(q) be the first derivative of z(q). What is x(a)?
-7
Let m(t) = 13*t + 94. Let x be m(-7). Let c(g) be the second derivative of 1/2*g**4 - 1/6*g**x + 0*g**2 - 11*g + 0. Determine c(1).
5
Let t = 456 + -463. Let b(l) = -l**3 - 7*l**2 + l - 7. Calculate b(t).
-14
Let d(m) be the second derivative of -1/12*m**4 - 1/2*m**2 - 44*m + 0 + 1/6*m**3. Determine d(4).
-13
Let g(y) = -y**3 + 7*y**2 - 7*y - 2. Let q be (-6)/(-21) - 605/35. Let f = -11 - q. What is g(f)?
-8
Let z(j) = -3*j - 2 + 0*j + 28 + 2*j. Let g be z(21). Let l(p) = p - 4. Determine l(g).
1
Let p(x) = -14*x - 1. Let b(o) = -9*o - 1. Let g(m) = -8*b(m) + 5*p(m). Suppose -5*t - 3*w = -16, 8*w = t + 9*w - 2. Calculate g(t).
13
Let w(g) = g**3 + 2*g**2 - 4*g - 2. Let h = 268 - 271. Give w(h).
1
Let j be -4*(3 - 2) - -7. Suppose 8*c - 4*d = j*c - 5, -5*c = d + 30. Let t(w) be the first derivative of w**2/2 + 3*w + 1. Determine t(c).
-2
Let c be 5 - ((-3)/(-3))/1. Let p(w) = 11 + 8*w - 3*w - c*w. Give p(0).
11
Let q be (6/8)/(6/24). Suppose -3*i + 45 = -3*u + u, -60 = -4*i - q*u. Suppose -8*s + 11*s = i. Let f(k) = k**2 - 3*k - 3. What is f(s)?
7
Let d(n) = -8*n + 41. Let g be d(4). Let j(w) = w**3 - 10*w**2 + 10*w - 9. Give j(g).
0
Let p(f) = f + 5. Let s(c) = c**2 + 5*c - 15. Let w(r) = 5*p(r) + s(r). Give w(-6).
-14
Let l(f) be the first derivative of -f**4/4 - 2*f**3 - 3*f**2 - 3*f + 71. Determine l(-4).
-11
Let a be ((-6)/27)/((-19)/171). Let z(t) = -t**2 + t - 1. Calculate z(a).
-3
Let c(u) be the first derivative of 0*u**2 - 4 + u + 1/3*u**3. Let d(z) = -z - 6. Let n be d(-4). Give c(n).
5
Let d(t) = 6 + 1 - 4*t**2 - t - 1 + 2*t**2 - 6*t. Calculate d(-5).
-9
Let v(u) be the second derivative of -u**4/12 - 5*u**3/6 + 6*u**2 - 455*u. What is v(-8)?
-12
Let x(y) = 13*y**3 - y**2 - 18*y - 15. Let a(p) = 7*p**3 - 10*p - 8. Let c(b) = -11*a(b) + 6*x(b). Give c(6).
10
Suppose 10*l - 5*l - 5 = 0. Let c be 3/3 + (l - 2). Let d(j) = c*j - 3*j + 4*j + 2. Determine d(-5).
-3
Let l = -13 - -15. Let s(w) = -3*w**2 + 23*w + 15. Let d(q) = -q**2 + 11*q + 8. Let n(j) = l*s(j) - 5*d(j). Determine n(-7).
4
Let o = 2 - -1. Let a be (o/(-6))/(3/(-18)). Let h(n) = 5*n - a*n + 2*n. Calculate h(-2).
-8
Suppose b + 3 + 9 = -2*c, 5*b - 31 = 3*c. Let s(m) be the second derivative of -m**4/12 - m**3 + 7*m**2/2 + 4*m. What is s(c)?
0
Let y(f) = -f - 5. Let a(u) = 6*u - 7. Let l(t) = a(t) - 3*y(t). Determine l(-6).
-46
Let i(r) = r**3 - 10*r**2 + r - 11. Let j be -3*(7 - 9)/(0 - -2). Let t be (-5 + j)/(7/(-35)). What is i(t)?
-1
Let b(c) = c + 8. Suppose -2*x = -4*m - 0*m, -x = -5*m + 3. Suppose 2*w + 2 = 0, -3*y = x*y - w + 19. Give b(y).
4
Let b(v) = v**3 + 5*v**2 + 2*v + 6. Suppose 0 = 8*h + 42 - 2. What is b(h)?
-4
Let r(o) = o + 1. Suppose -3*a = -4*w - 8 - 9, -5*a = 3*w + 20. Let z be a/(1 + (-15)/12). Suppose -2*b - 3*n = -11, 3*b = b + 4*n + z. Calculate r(b).
5
Let o(a) = 10*a - 24 + 3*a + 6*a + 4*a - 20*a. Calculate o(17).
27
Let u(l) be the third derivative of 0*l - 7/60*l**5 - l**3 + 0 + 1/120*l**6 - 11*l**2 + 7/24*l**4. Determine u(6).
0
Let h = -38 - -31. Let f(a) = -2*a**2 + 9*a - 11. Let m(s) = 3*s**2 - 10*s + 12. Let b(z) = -4*f(z) - 3*m(z). Calculate b(h).
1
Let r = -1 + 6. Let a(o) = -3*o**2 - 2*o**3 + o**3 + 1 - o**3 + 5*o**3 - 4*o. Let z(h) = -4*h**3 + 2*h**2 + 4*h. Let y(g) = r*a(g) + 4*z(g). What is y(-6)?
-7
Let p be 0*(-2)/(-6) - -3. Let r(i) = i - 7 + i**2 + 3*i + 4*i + p. Suppose 2*n + 3*v + 13 = 0, 30 = 22*n - 26*n - 2*v. Determine r(n).
-4
Let o(j) = j**3 + 5*j**2 + 5*j. Let q be o(-4). Let p be (6/q)/((-2)/12). Let k be p/(-6)*-2 - -3. Let d(f) = f**2 - 6*f + 4. Determine d(k).
4
Suppose 29 = -4*x + 17. Let b(v) = -1 + 2 + 3 + 5*v + 2*v**2. Give b(x).
7
Let q(w) = 3*w + 5. Let j be (-249)/(-12) - 1/(-4). Let o = 196 + -195. Suppose j = -4*r + o. Give q(r).
-10
Let h(m) be the first derivative of -m**2/2 + m + 4. Suppose 232*g - 228*g = -8. Calculate h(g).
3
Let a = -281 - -281. Let q(p) = p**2 + p - 1. Calculate q(a).
-1
Let k(o) = -3*o**2 - 13*o + 230. Let y be k(-11). Let z(c) = -3*c + 38. Determine z(y).
8
Let b(h) = -h**3 + 6*h**2 + 3*h - 2. Let l(p) = -p**3 - 12*p**2 + 12*p - 12. Let k be l(-13). Suppose -2*w + 11 = -k. Calculate b(w).
16
Let r(d) = d + 8. Let p be (0 - 16)*(-198)/44. Suppose -g = 8*g + p. Give r(g).
0
Let k(f) = 9*f**2 - 4*f - 3. Let q = -1320 - -1318. Determine k(q).
41
Suppose -o = -3*k + 13, -4*k + 5 + 15 = 0. Suppose 3*t + 10 = 5*g, -4*g + 6*t + 8 = o*t. Let c(d) = 3*d - 3. Calculate c(g).
3
Let n be 41 - -4 - -4 - -3. Let i = n + -44. Let s(r) = 2*r - 8. What is s(i)?
8
Suppose h - 9 - 6 = 0. Suppose -16*k - 2 = -h*k. Let a = 0 - k. Let u(o) = -o**2 - o. Determine u(a).
-6
Let f(s) = -s**2 - s. Let p(k) = -2*k**2 + k + 1. Let h(i) = f(i) - p(i). Give h(5).
14
Let o(l) be the second derivative of 0*l**3 - 1/10*l**5 + 0 - 1/12*l**4 + 0*l**2 - 5*l. Calculate o(-1).
1
Let v(j) = 80 - 13*j - 68 + 14*j. Suppose -f + 2*f = -8. Let r be v(f). Let a(o) = -o**3 + 6*o**2 - 4*o + 1. What is a(r)?
17
Let k(n) be the third derivative of 2/3*n**3 - n**2 + 1/8*n**4 + 0*n + 0 - 1/40*n**5 - 1/360*n**6. Let l(g) be the first derivative of k(g). Determine l(-3).
3
Let c(h) = -h**3 + 8*h**2 - 6*h + 1. Suppose 30 = 4*v - 2*v. Let p be -14 + v + (-6)/(-1). Give c(p).
8
Let j(y) = -y**3 + 8*y**2 + y - 8. Let w be j(8). Let k(b) = b - 13. What is k(w)?
-13
Let s(p) = 2*p - 10. Let m be s(5). Suppose m = -5*r - n - n, -15 = -3*n. Let x(a) be the first derivative of a**2 + 3*a + 2. Determine x(r).
-1
Suppose 6*i + 154 = -2. Let f = i + 30. Let y(a) = -a**3 + 3*a**2 + 5*a - 1. What is y(f)?
3
Suppose 5*b + 15